{"id":7,"date":"2020-04-15T22:21:38","date_gmt":"2020-04-15T20:21:38","guid":{"rendered":"http:\/\/reso-nance.org\/sophieabraham\/?page_id=7"},"modified":"2026-01-16T08:54:59","modified_gmt":"2026-01-16T07:54:59","slug":"a-propos-de","status":"publish","type":"page","link":"https:\/\/reso-nance.org\/sophieabraham\/a-propos-de\/","title":{"rendered":"\u00c0-propos"},"content":{"rendered":"\n<div class=\"wp-block-columns is-layout-flex wp-container-core-columns-layout-3 wp-block-columns-is-layout-flex\">\n<div class=\"wp-block-column is-layout-flow wp-block-column-is-layout-flow\" style=\"flex-basis:100%\">\n<div class=\"wp-block-columns alignwide is-layout-flex wp-container-core-columns-layout-2 wp-block-columns-is-layout-flex\">\n<div class=\"wp-block-column is-layout-flow wp-block-column-is-layout-flow\" style=\"flex-basis:100%\">\n<p class=\"has-small-font-size\">Je travaille principalement avec la photographie, et parfois aussi avec la vid\u00e9o, la gravure ou le dessin, les utilisant pour garder une trace mais aussi faire surgir ce qui a \u00e9t\u00e9 oubli\u00e9.<br>Mon travail explore la m\u00e9moire des savoir-faire anciens, des modes de vie et des paysages qui ont \u00e9volu\u00e9 ou sont sur le point de dispara\u00eetre. Je leur imagine de nouvelles formes d\u2019existence, entre survie et m\u00e9tamorphose.<br>Pour donner \u00e0 voir ces transformations, j\u2019interroge les diff\u00e9rentes temporalit\u00e9s \u00e0 l\u2019\u0153uvre : le temps lent et organique du vivant, ou celui, rapide, lin\u00e9aire, de l\u2019industrie et du productivisme : je fais ainsi cohabiter d\u2019anciens proc\u00e9d\u00e9s comme le tirage cyanotype, anthotype ou van dyke  avec les nouvelles technologies.<br>Cette d\u00e9marche me permet aussi d\u2019explorer la mat\u00e9rialit\u00e9 de l\u2019image: la mani\u00e8re dont la lumi\u00e8re fait appara\u00eetre une image et comment l\u2019immat\u00e9rialit\u00e9 du num\u00e9rique entre en friction avec le support physique et photosensible de la photographie.<br>Derni\u00e8rement, dans une d\u00e9marche \u00e0 la fois \u00e9cologique et de r\u00e9appropriation de techniques que je sens m\u2019\u00e9chapper avec les progr\u00e8s du num\u00e9rique, j&rsquo;essaie de fabriquer moi-m\u00eame mes mat\u00e9riaux :  papier, encres, d\u00e9veloppeur, \u00e0 partir d\u2019\u00e9l\u00e9ments naturels ou recycl\u00e9s.<\/p>\n\n\n\n<p><\/p>\n\n\n\n<p class=\"has-small-font-size\"> <\/p>\n\n\n\n<p class=\"has-small-font-size\"><a href=\"https:\/\/www.instagram.com\/cabanes_du_futur\/\">@cabanes_du_futur<\/a><\/p>\n\n\n\n<div class=\"wp-block-columns is-layout-flex wp-container-core-columns-layout-1 wp-block-columns-is-layout-flex\"><\/div>\n\n\n\n<p>&#8212;&#8212;&#8212;&#8212;&#8212;&#8212;&#8212;&#8212;&#8212;&#8212;&#8212;&#8212;-<\/p>\n\n\n\n<p class=\"has-small-font-size\">Formation<\/p>\n\n\n\n<ul>\n<li style=\"font-size:14px\">Programme d&rsquo;accompagnement artistes-auteur.ices Curriculum Chrom\u00e9, Marseille &#8211; 2025<\/li>\n\n\n\n<li style=\"font-size:14px\"><strong>Dipl\u00f4me National d\u2019Art,<\/strong> Ecole des Beaux-arts de Marseille &#8211;&nbsp;2019     <\/li>\n\n\n\n<li style=\"font-size:14px\"><strong>Master Action culturelle<\/strong> &#8211; arts du spectacle, Universit\u00e9 Blaise Pascal, Clermont Ferrand &#8211; 2016&nbsp;     <\/li>\n\n\n\n<li style=\"font-size:14px\">&nbsp;Formation aux <strong>techniques radiophoniques et r\u00e9alisation de programmes courts,<\/strong> Radio Campus Clermont-Ferrand &#8211; 2015                                                                                    <\/li>\n\n\n\n<li style=\"font-size:14px\"><strong>Licence de lettres modernes<\/strong>, Universit\u00e9 Rennes 2 &amp; Universit\u00e9 Sv. Kl. Ohridski, Sofia, Bulgarie &#8211; 2013                                     <\/li>\n<\/ul>\n\n\n\n<p class=\"has-small-font-size\">R\u00e9sidences<\/p>\n\n\n\n<ul>\n<li style=\"font-size:14px\"><strong>Villa Salammb\u00f4,<\/strong> Sousse, Institut fran\u00e7ais de Tunisie, <em>\u00e0 venir ( avril 2026)<\/em><\/li>\n\n\n\n<li style=\"font-size:14px\"><strong>La Maison Forte<\/strong>, Monbalen, Lot-et-Garonne, mars et mai 2025   <\/li>\n\n\n\n<li style=\"font-size:14px\"><strong>AvistaVulc\u00e3o<\/strong> : A Casa da Miss\u00e3o, \u00eele de Faial, A\u00e7ores, soutenu par l&rsquo;Union Europ\u00e9enne et l&rsquo;Institut Goethe, f\u00e9vrier 2025                                                                                                                                                                                                  <\/li>\n\n\n\n<li style=\"font-size:14px\"><strong>Bourse du soutien \u00e0 la cr\u00e9ation artistique de la ville d&rsquo;Aubagne<\/strong> , r\u00e9sidence Archive et patrimoine, 2024                                                                                                             <\/li>\n\n\n\n<li style=\"font-size:14px\"><strong>Tanger, Institut fran\u00e7ais du Maroc<\/strong>, R\u00e9sidence artistique et culturelle<strong>,<\/strong> 2024                                                                                                         <\/li>\n\n\n\n<li style=\"font-size:14px\"><strong>R\u00e9sidence Te Ataata, <\/strong>Auckland University of Technology &amp; Ambassade de France en Nouvelle-Z\u00e9lande, Auckland, NZ, 2023                                                                                                                                                                                                                                             <\/li>\n\n\n\n<li style=\"font-size:14px\"><strong>R\u00e9sidence Vivian Maier,<\/strong> photographe artiste-auteur, Champsaur-Valgaudemar, Drac PACA, 2023                                                                        <\/li>\n\n\n\n<li style=\"font-size:14px\"><strong>Ateliers M\u00e9dicis<\/strong>, R\u00e9sidence Transat, La Saline-les-bains, \u00eele de la R\u00e9union, association Ou&rsquo;guign 2022                                                                   <\/li>\n\n\n\n<li style=\"font-size:14px\"><strong>Ateliers M\u00e9dicis, <\/strong>Cr\u00e9ation en cours, \u00e9cole primaire de Brian\u00e7onnet (06), 2021                                                                                                           <\/li>\n\n\n\n<li style=\"font-size:14px\"><strong>Institut fran\u00e7ais d\u2019Istanbul<\/strong>, R\u00e9sidence &amp; ateliers, Lyc\u00e9e Saint Beno\u00eet d\u2019Istanbul, 2016 &nbsp;<\/li>\n<\/ul>\n\n\n\n<p class=\"has-small-font-size\">Expositions individuelles &amp; duos<\/p>\n\n\n\n<ul>\n<li style=\"font-size:14px\"><strong>\u00ab\u00a0Eat the landscape\u00a0\u00bb<\/strong>, galerie Camarupa, Horta, Portugal, en duo avec Anthony Pillette, 2025<\/li>\n\n\n\n<li style=\"font-size:14px\"><strong>\u00ab\u00a0L&rsquo;Autre Vall\u00e9e\u00a0\u00bb,<\/strong> maison de la photographie Vivian Maier, Pisan\u00e7on, 2024<\/li>\n\n\n\n<li style=\"font-size:14px\"><strong>\u00ab\u00a0Cabanes du futur\u00a0\u00bb, <\/strong>Cabinet de curiosit\u00e9s, P\u00f4le culturel Chabran, Artoth\u00e8que de Draguignan, 2024<\/li>\n\n\n\n<li style=\"font-size:14px\"><strong>\u00ab\u00a0Artefacts of a Future Past\u00a0\u00bb<\/strong>, Te Wai Ngutu K\u0101k\u0101 Gallery, AUT, Auckland CBD, Nouvelle-Z\u00e9lande, avec Anthony Pillette, 2023       <\/li>\n<\/ul>\n\n\n\n<ul>\n<li style=\"font-size:14px\">\u00ab\u00a0<strong>3ai.25<\/strong>\u00a0\u00bb : art in the age of ai, <strong>Ecole Sup\u00e9rieure d&rsquo;Art Aix-en-Provence, Fondation Vasarely<\/strong>, 2025<\/li>\n\n\n\n<li style=\"font-size:14px\"><strong>\u00ab\u00a0Expo Chrom\u00e9e\u00a0\u00bb, Jeanne Barret,<\/strong> Marseille, 2025<\/li>\n\n\n\n<li style=\"font-size:14px\"><strong>\u00ab\u00a0Paysages de liens\u00a0\u00bb,  la Maison forte,<\/strong> Monbalen, 2025<\/li>\n\n\n\n<li style=\"font-size:14px\">Exposition dans le cadre des 20 ans du <strong>service Archives-Patrimoine <\/strong>de la Ville d&rsquo;Aubagne, 2025<\/li>\n\n\n\n<li style=\"font-size:14px\">Exposition du fonds de l&rsquo;<strong>artoth\u00e8que,<\/strong> <strong>Chapelle du Bon Pasteur, <\/strong>Draguignan, 2024                                                                                                                                                                                                                                                                                                                          <\/li>\n\n\n\n<li style=\"font-size:14px\"><strong>\u00ab\u00a0Traces du futur\u00a0\u00bb,<\/strong> Parcours de l&rsquo;art, <strong>Clo\u00eetre Saint-Louis,<\/strong> Avignon, 2022                                                                                                                           <\/li>\n\n\n\n<li style=\"font-size:14px\">\u00ab\u00a0<strong>Hybrid&rsquo;art\u00a0\u00bb,<\/strong> Salon d&rsquo;Art contemporain du <strong>Centre d&rsquo;Art Fernand L\u00e9ger,<\/strong> Port-de-Bouc, 2022<\/li>\n\n\n\n<li style=\"font-size:14px\">\u00ab\u00a0Amlam\u00e9\u00a0\u00bb, la Vie enchanti\u00e9e, Rennes, 2012<\/li>\n<\/ul>\n\n\n\n<p class=\"has-small-font-size\">Exp\u00e9riences artistiques<\/p>\n\n\n\n<ul>\n<li style=\"font-size:14px\"><strong>Membre du collectif<\/strong> <strong>Reso-nance num\u00e9rique<\/strong> depuis 2020                                                                                                                                           <\/li>\n\n\n\n<li style=\"font-size:14px\"><strong>Intervenante arts visuels<\/strong> (centres sociaux, \u00e9coles d&rsquo;arts, mus\u00e9es, associations &#8230;) de 2018 \u00e0 2020                                                                     <\/li>\n\n\n\n<li style=\"font-size:14px\"><strong>S\u00e9lection du court-m\u00e9trage \u00ab\u00a0Elle s&rsquo;appelle Kenny\u00a0\u00bb<\/strong> <strong>Festival International du Film Marseille,<\/strong> cat\u00e9gorie Fidcampus                                                                                                                                           \/ Cinenova Lisbonne \/ Les Couleurs du court-m\u00e9trage Paris \/ Be bop Chanel Festival New-York 2019, London Lift-Off Festival 2020       <\/li>\n\n\n\n<li style=\"font-size:14px\"><strong> Service civique &#8211; m\u00e9diation culturelle &#8211; Centre International des Arts en Mouvement<\/strong> (CIAM), Aix-en-Provence, 2016            <\/li>\n\n\n\n<li style=\"font-size:14px\"><strong>Laur\u00e9ate prix \u00e9tudiant du carnet de voyage<\/strong>, Rendez-vous du Carnet de Voyage, Clermont-Ferrand, 2014<\/li>\n<\/ul>\n\n\n\n<p class=\"has-small-font-size\">Interventions : stages, workshop (s\u00e9lection)<\/p>\n\n\n\n<ul>\n<li style=\"font-size:14px\"><strong>Formations dans le cadre du dispositif Pass&rsquo;culture<\/strong>, \u00e0 destination d&rsquo;\u00e9tablissements du secondaire et sup\u00e9rieur<\/li>\n\n\n\n<li style=\"font-size:14px\"><strong>Acad\u00e9mie Montpellier &amp; Acad\u00e9mie Aix-Marseille <\/strong> : formation cyanotype &amp; IA \u00e0 destination des professeurs du secondaire<\/li>\n\n\n\n<li style=\"font-size:14px\"><strong>Biblioth\u00e8que et Archives de l&rsquo;H\u00f4tel de ville de Paris<\/strong>, Festival Numok                                                                                                                                            <\/li>\n\n\n\n<li style=\"font-size:14px\"><strong>Acad\u00e9mie des Beaux-arts de Palerme<\/strong> : workshop cyanotype &amp; IA     <\/li>\n\n\n\n<li style=\"font-size:14px\"><strong>Ambassade de France en Albanie<\/strong>, Mission culturelle : ateliers dans les 5 Alliances fran\u00e7aises et lyc\u00e9es bilingues d&rsquo;Albanie <\/li>\n\n\n\n<li style=\"font-size:14px\"><strong>Institut fran\u00e7ais du Maroc,<\/strong> Suivi projets fablabs, avec Reso-nance num\u00e9rique                                                                                                                                    <\/li>\n\n\n\n<li style=\"font-size:14px\"><strong>Ecole Sup\u00e9rieure de Design Marseille,<\/strong> projet \u00ab\u00a0mobilit\u00e9s du futur\u00a0\u00bb                                                                                                                                                                                                    <\/li>\n\n\n\n<li style=\"font-size:14px\"><strong>Galerie The Refinery Artspace<\/strong>, Nelson, Nouvelle-Z\u00e9lande                                                                                                                                                                                                                                                                    <\/li>\n\n\n\n<li style=\"font-size:14px\"><strong>Archives d\u00e9partementales<\/strong> Bouches-du-Rh\u00f4ne, Projet \u00ab\u00a0Ex machina\u00a0\u00bb                                                                                                                      <\/li>\n\n\n\n<li style=\"font-size:14px\"><strong>Biblioth\u00e8ques d\u00e9partementales<\/strong> Bouches -du-Rh\u00f4ne, ateliers \u00ab\u00a0Cabanes du futur\u00a0\u00bb                                                                                               <\/li>\n\n\n\n<li style=\"font-size:14px\"><strong>Association Art &amp; d\u00e9veloppement<\/strong>, ateliers dans les quartiers nord de Marseille                                                                                                             <\/li>\n\n\n\n<li style=\"font-size:14px\"><strong>Ateliers M\u00e9dicis,<\/strong> le festival des ateliers, stage \u00ab\u00a0Cabane dans les bois\u00a0\u00bb                                                                                                                                                                <\/li>\n\n\n\n<li style=\"font-size:14px\"><strong>Ecoles primaires <\/strong>publiques Marseille (Belsunce, Capelette, D\u00e9sir\u00e9e Clary)<br><br><br><strong>Collections<\/strong>: Artoth\u00e8que de Draguignan, pr\u00e9sence dans des collections priv\u00e9es<\/li>\n<\/ul>\n\n\n\n<p><\/p>\n<\/div>\n<\/div>\n<\/div>\n<\/div>\n\n\n\n<p class=\"has-small-font-size\">&nbsp;<\/p>\n\n\n\n<p><\/p>\n\n\n\n<p class=\"has-small-font-size\"><\/p>\n\n\n\n<p><\/p>\n","protected":false},"excerpt":{"rendered":"<p>Je travaille principalement avec la photographie, et parfois aussi avec la vid\u00e9o, la gravure ou le dessin, les utilisant pour garder une trace mais aussi faire surgir ce qui a \u00e9t\u00e9 oubli\u00e9.Mon travail explore la m\u00e9moire des savoir-faire anciens, des modes de vie et des paysages qui ont \u00e9volu\u00e9 ou sont sur le point de [&hellip;]<\/p>\n","protected":false},"author":1,"featured_media":0,"parent":0,"menu_order":0,"comment_status":"closed","ping_status":"closed","template":"resume-page-template.php","meta":{"footnotes":""},"yoast_head":"<!-- This site is optimized with the Yoast SEO plugin v20.0 - https:\/\/yoast.com\/wordpress\/plugins\/seo\/ -->\n<title>\u00c0-propos - Sophie Abraham ateliers artistiques<\/title>\n<meta name=\"description\" content=\"SITE EN MAINTENANCE\" \/>\n<meta name=\"robots\" content=\"index, follow, max-snippet:-1, max-image-preview:large, max-video-preview:-1\" \/>\n<link rel=\"canonical\" href=\"http:\/\/reso-nance.org\/sophieabraham\/a-propos-de\/\" \/>\n<meta property=\"og:locale\" content=\"fr_FR\" \/>\n<meta property=\"og:type\" content=\"article\" \/>\n<meta property=\"og:title\" content=\"\u00c0-propos - Sophie Abraham ateliers artistiques\" \/>\n<meta property=\"og:description\" content=\"SITE EN MAINTENANCE\" \/>\n<meta property=\"og:url\" content=\"http:\/\/reso-nance.org\/sophieabraham\/a-propos-de\/\" \/>\n<meta property=\"og:site_name\" content=\"Sophie Abraham\" \/>\n<meta property=\"article:modified_time\" content=\"2026-01-16T07:54:59+00:00\" \/>\n<meta name=\"twitter:card\" content=\"summary_large_image\" \/>\n<meta name=\"twitter:label1\" content=\"Dur\u00e9e de lecture estim\u00e9e\" \/>\n\t<meta name=\"twitter:data1\" content=\"1 minute\" \/>\n<script type=\"application\/ld+json\" class=\"yoast-schema-graph\">{\"@context\":\"https:\/\/schema.org\",\"@graph\":[{\"@type\":\"WebPage\",\"@id\":\"http:\/\/reso-nance.org\/sophieabraham\/a-propos-de\/\",\"url\":\"http:\/\/reso-nance.org\/sophieabraham\/a-propos-de\/\",\"name\":\"\u00c0-propos - Sophie Abraham ateliers artistiques\",\"isPartOf\":{\"@id\":\"http:\/\/reso-nance.org\/sophieabraham\/#website\"},\"datePublished\":\"2020-04-15T20:21:38+00:00\",\"dateModified\":\"2026-01-16T07:54:59+00:00\",\"description\":\"SITE EN MAINTENANCE\",\"breadcrumb\":{\"@id\":\"http:\/\/reso-nance.org\/sophieabraham\/a-propos-de\/#breadcrumb\"},\"inLanguage\":\"fr-FR\",\"potentialAction\":[{\"@type\":\"ReadAction\",\"target\":[\"http:\/\/reso-nance.org\/sophieabraham\/a-propos-de\/\"]}]},{\"@type\":\"BreadcrumbList\",\"@id\":\"http:\/\/reso-nance.org\/sophieabraham\/a-propos-de\/#breadcrumb\",\"itemListElement\":[{\"@type\":\"ListItem\",\"position\":1,\"name\":\"Accueil\",\"item\":\"http:\/\/reso-nance.org\/sophieabraham\/\"},{\"@type\":\"ListItem\",\"position\":2,\"name\":\"\u00c0-propos\"}]},{\"@type\":\"WebSite\",\"@id\":\"http:\/\/reso-nance.org\/sophieabraham\/#website\",\"url\":\"http:\/\/reso-nance.org\/sophieabraham\/\",\"name\":\"Sophie Abraham - Arts visuels et ateliers\",\"description\":\"\",\"publisher\":{\"@id\":\"http:\/\/reso-nance.org\/sophieabraham\/#\/schema\/person\/4f45bbb47675973d82d19935df8a3f8f\"},\"potentialAction\":[{\"@type\":\"SearchAction\",\"target\":{\"@type\":\"EntryPoint\",\"urlTemplate\":\"http:\/\/reso-nance.org\/sophieabraham\/?s={search_term_string}\"},\"query-input\":\"required name=search_term_string\"}],\"inLanguage\":\"fr-FR\"},{\"@type\":[\"Person\",\"Organization\"],\"@id\":\"http:\/\/reso-nance.org\/sophieabraham\/#\/schema\/person\/4f45bbb47675973d82d19935df8a3f8f\",\"name\":\"sophie\",\"image\":{\"@type\":\"ImageObject\",\"inLanguage\":\"fr-FR\",\"@id\":\"http:\/\/reso-nance.org\/sophieabraham\/#\/schema\/person\/image\/\",\"url\":\"https:\/\/secure.gravatar.com\/avatar\/18c88c97ee33922b7882dfaa0108b751?s=96&d=mm&r=g\",\"contentUrl\":\"https:\/\/secure.gravatar.com\/avatar\/18c88c97ee33922b7882dfaa0108b751?s=96&d=mm&r=g\",\"caption\":\"sophie\"},\"logo\":{\"@id\":\"http:\/\/reso-nance.org\/sophieabraham\/#\/schema\/person\/image\/\"},\"description\":\"Apr\u00e8s des \u00e9tudes de litt\u00e9rature et gestion de projets culturels, j'ai travaill\u00e9 dans la m\u00e9diation culturelle avant de passer un Dipl\u00f4me National d'Art \u00e0 l'Ecole des Beaux-Arts de Marseille. Je suis intervenante arts plastiques pour des \u00e9coles, centres sociaux, entre autres.\",\"sameAs\":[\"http:\/\/reso-nance.org\/sophieabraham\"]}]}<\/script>\n<!-- \/ Yoast SEO plugin. -->","yoast_head_json":{"title":"\u00c0-propos - Sophie Abraham ateliers artistiques","description":"SITE EN MAINTENANCE","robots":{"index":"index","follow":"follow","max-snippet":"max-snippet:-1","max-image-preview":"max-image-preview:large","max-video-preview":"max-video-preview:-1"},"canonical":"http:\/\/reso-nance.org\/sophieabraham\/a-propos-de\/","og_locale":"fr_FR","og_type":"article","og_title":"\u00c0-propos - Sophie Abraham ateliers artistiques","og_description":"SITE EN MAINTENANCE","og_url":"http:\/\/reso-nance.org\/sophieabraham\/a-propos-de\/","og_site_name":"Sophie Abraham","article_modified_time":"2026-01-16T07:54:59+00:00","twitter_card":"summary_large_image","twitter_misc":{"Dur\u00e9e de lecture estim\u00e9e":"1 minute"},"schema":{"@context":"https:\/\/schema.org","@graph":[{"@type":"WebPage","@id":"http:\/\/reso-nance.org\/sophieabraham\/a-propos-de\/","url":"http:\/\/reso-nance.org\/sophieabraham\/a-propos-de\/","name":"\u00c0-propos - Sophie Abraham ateliers artistiques","isPartOf":{"@id":"http:\/\/reso-nance.org\/sophieabraham\/#website"},"datePublished":"2020-04-15T20:21:38+00:00","dateModified":"2026-01-16T07:54:59+00:00","description":"SITE EN MAINTENANCE","breadcrumb":{"@id":"http:\/\/reso-nance.org\/sophieabraham\/a-propos-de\/#breadcrumb"},"inLanguage":"fr-FR","potentialAction":[{"@type":"ReadAction","target":["http:\/\/reso-nance.org\/sophieabraham\/a-propos-de\/"]}]},{"@type":"BreadcrumbList","@id":"http:\/\/reso-nance.org\/sophieabraham\/a-propos-de\/#breadcrumb","itemListElement":[{"@type":"ListItem","position":1,"name":"Accueil","item":"http:\/\/reso-nance.org\/sophieabraham\/"},{"@type":"ListItem","position":2,"name":"\u00c0-propos"}]},{"@type":"WebSite","@id":"http:\/\/reso-nance.org\/sophieabraham\/#website","url":"http:\/\/reso-nance.org\/sophieabraham\/","name":"Sophie Abraham - Arts visuels et ateliers","description":"","publisher":{"@id":"http:\/\/reso-nance.org\/sophieabraham\/#\/schema\/person\/4f45bbb47675973d82d19935df8a3f8f"},"potentialAction":[{"@type":"SearchAction","target":{"@type":"EntryPoint","urlTemplate":"http:\/\/reso-nance.org\/sophieabraham\/?s={search_term_string}"},"query-input":"required name=search_term_string"}],"inLanguage":"fr-FR"},{"@type":["Person","Organization"],"@id":"http:\/\/reso-nance.org\/sophieabraham\/#\/schema\/person\/4f45bbb47675973d82d19935df8a3f8f","name":"sophie","image":{"@type":"ImageObject","inLanguage":"fr-FR","@id":"http:\/\/reso-nance.org\/sophieabraham\/#\/schema\/person\/image\/","url":"https:\/\/secure.gravatar.com\/avatar\/18c88c97ee33922b7882dfaa0108b751?s=96&d=mm&r=g","contentUrl":"https:\/\/secure.gravatar.com\/avatar\/18c88c97ee33922b7882dfaa0108b751?s=96&d=mm&r=g","caption":"sophie"},"logo":{"@id":"http:\/\/reso-nance.org\/sophieabraham\/#\/schema\/person\/image\/"},"description":"Apr\u00e8s des \u00e9tudes de litt\u00e9rature et gestion de projets culturels, j'ai travaill\u00e9 dans la m\u00e9diation culturelle avant de passer un Dipl\u00f4me National d'Art \u00e0 l'Ecole des Beaux-Arts de Marseille. Je suis intervenante arts plastiques pour des \u00e9coles, centres sociaux, entre autres.","sameAs":["http:\/\/reso-nance.org\/sophieabraham"]}]}},"_links":{"self":[{"href":"https:\/\/reso-nance.org\/sophieabraham\/wp-json\/wp\/v2\/pages\/7"}],"collection":[{"href":"https:\/\/reso-nance.org\/sophieabraham\/wp-json\/wp\/v2\/pages"}],"about":[{"href":"https:\/\/reso-nance.org\/sophieabraham\/wp-json\/wp\/v2\/types\/page"}],"author":[{"embeddable":true,"href":"https:\/\/reso-nance.org\/sophieabraham\/wp-json\/wp\/v2\/users\/1"}],"replies":[{"embeddable":true,"href":"https:\/\/reso-nance.org\/sophieabraham\/wp-json\/wp\/v2\/comments?post=7"}],"version-history":[{"count":124,"href":"https:\/\/reso-nance.org\/sophieabraham\/wp-json\/wp\/v2\/pages\/7\/revisions"}],"predecessor-version":[{"id":2306,"href":"https:\/\/reso-nance.org\/sophieabraham\/wp-json\/wp\/v2\/pages\/7\/revisions\/2306"}],"wp:attachment":[{"href":"https:\/\/reso-nance.org\/sophieabraham\/wp-json\/wp\/v2\/media?parent=7"}],"curies":[{"name":"wp","href":"https:\/\/api.w.org\/{rel}","templated":true}]}}